 y be t(8). What is the tens digit of 2/((-10)/y) + 151?
4
Let c = 412 + -409. Suppose q = 5*r + 27 + 364, 0 = 4*q - c*r - 1581. What is the tens digit of q?
9
Suppose -180 = -0*y - 5*y. What is the units digit of y/8*(-412)/(-6)?
9
What is the units digit of (-15 + 11 + -13)/(2/(-3358))?
3
Let y(g) = 64*g**2 + 71*g + 931. What is the units digit of y(-11)?
4
Let m be (-1 - -20) + 0*1/(-6). Let b = -13 + m. Suppose -330 = s - b*s. What is the tens digit of s?
6
Suppose 5*t + 20 = 0, 15551 = 4*i + 2*t - 18993. What is the hundreds digit of i?
6
Let b = -764 + 1914. What is the hundreds digit of b?
1
Suppose -6*b + 3*p + 69 = -4*b, -b - 2*p = -24. Suppose -980 - b = -u. What is the thousands digit of u?
1
Let c be 6/51 - 484/68. Let t(k) = k**2 + 7*k + 8. Let z be t(c). Let q(b) = -b**3 + 9*b**2 - 7. What is the units digit of q(z)?
7
Suppose 32*a = 28*a + 56. Suppose 2*c - a = -4. Suppose c*f - m = 1046, 12*m - 614 = -3*f + 16*m. What is the units digit of f?
0
Let y(s) = 23*s - 73. Let r(x) = x - 3. Let t(a) = r(a) - y(a). What is the units digit of t(-22)?
4
Suppose -2*z = -2*z - z. Suppose 2*d - 12 = 2*f, 4*f + 16 = -z*f. Let b(j) = j**2 + 5*j - 3. What is the tens digit of b(d)?
1
Suppose -2*z + u = -22011, 4*z = 3*u + 15618 + 28409. What is the units digit of z?
3
What is the hundreds digit of (-4)/10*20510255/(-422)?
4
What is the ten thousands digit of 9 - -237*(-4112)/(-48)?
2
Let k(n) = -n**3 + 6*n**2 - 36*n - 12. Let c be k(6). Suppose 656 = -3*z + z. Let p = c - z. What is the units digit of p?
0
What is the units digit of (-7761)/(-15) - (7/(-14) - (-117)/130)?
7
Let r(h) = h**3 + 13*h**2 + 11*h - 10. Let u be r(-12). What is the hundreds digit of (u + -7)/(3/(-186))?
3
Suppose -1444753 = -157*h - 1378177 + 3013607. What is the hundreds digit of h?
6
Let l be (-9)/(-72)*163 - 6/16. Suppose c - l = 252. What is the hundreds digit of c?
2
Suppose 46*x - 9 = 47*x. Let g(o) = -66*o - 114. What is the units digit of g(x)?
0
Let i = -583 - -528. Let j = 2 + -6. What is the tens digit of (-8405)/i - j/22?
5
Suppose 2*f = -f + 8*f. Suppose 76 = -f*x + x + w, 136 = 2*x - 2*w. What is the tens digit of x?
7
Let d = -16 - -19. Let z = -2445 + 3480. Suppose -d*p + z = 2*p - 5*a, 0 = -3*p - 2*a + 611. What is the hundreds digit of p?
2
Suppose -5*u + 32036 = 4*i, 227*i - 222*i + 19192 = 3*u. What is the thousands digit of u?
6
Suppose 2*h - 3*x + 12 + 77 = 0, -46 = h - 2*x. Let u = -18 - h. What is the tens digit of (-11)/((-726)/3840) - 4/u?
5
Suppose -b - 3*g + 90 = -4*b, 90 = -3*b + 5*g. Let w be (-24)/b*(-110)/(-4). Suppose w*i - 19*i = 477. What is the units digit of i?
9
Let a = -1635 + 1481. Let f = -158 - -436. Let h = a + f. What is the units digit of h?
4
Suppose 7*p - 191 = -44. Let a be 16/6*p/(-14). Let o(w) = -2*w**3 - 8*w**2 - 4*w - 3. What is the units digit of o(a)?
3
Suppose -43*g - 4584 = -51*g. Let l = 705 - g. What is the hundreds digit of l?
1
What is the tens digit of (-53554620)/(-5499) - (-4)/156?
3
Let n = 63611 - 31674. What is the ten thousands digit of n?
3
Suppose 5*i = p - 1511, -7675 = -5*p - 4*i + 5*i. Let d = p - 1038. What is the hundreds digit of d?
4
Suppose -y + 1 = 0, h + 2*y + 434 = -h. Let m = h + 971. What is the hundreds digit of m?
7
Suppose 273*f + 7816 = l + 276*f, -3*l = 2*f - 23490. What is the thousands digit of l?
7
Suppose -24*r - 2*g = -20*r - 1050, -4*g = 5*r - 1305. Suppose c = -n + r, 3*c = 2*n + n + 771. What is the tens digit of c?
6
Let n = 32583 + -15047. What is the tens digit of n?
3
Suppose 2*f = 6*f - 4*u - 100, -2*u = 4*f - 82. Let w = f - 15. Let m(x) = x**3 - 7*x**2 - x + 10. What is the units digit of m(w)?
3
Let v(h) = 48*h + 23. Let u be v(-8). Let y = 249 + u. Let f = y + 228. What is the tens digit of f?
1
Let q be ((-4)/(-14))/(-2) + 1905/105. What is the tens digit of 1561 + 12 - (q/(-1))/3?
7
Let k be 51/(-21) - (-3)/7. Let d(x) = -x**2 + 1. Let r be d(k). What is the tens digit of ((-37)/3*1 - 0)*r?
3
What is the ten thousands digit of ((-3859)/3)/((-10)/720*8)?
1
Let f = -9360 + 19281. What is the thousands digit of f?
9
Let s be (0 - -8) + 3357 - -1*5. Suppose -3*n - 656 = -v - 8*n, 5*v - 5*n - s = 0. What is the hundreds digit of v?
6
Let c(j) = -j**2 + 16*j + 78. Let t be c(-21). Let v = t - -1120. What is the units digit of v?
1
Let q(n) = 7*n**2 - 59*n - 38. Let c be q(-12). Suppose 4019 = 9*p - c. What is the hundreds digit of p?
6
Suppose -2572*p = -2569*p - 5*d - 59725, 3*p - 4*d = 59732. What is the units digit of p?
0
Let f = -255 + 245. What is the units digit of (176/f)/(8/(-220))?
4
Suppose 0 = 23*w - 81451 - 121616. What is the hundreds digit of w?
8
Let j(n) = n - 1. Let q(f) = 5*f - 18. Let k(v) = 6*j(v) - q(v). Let m be k(-17). What is the units digit of 5/((-50)/(-4))*m*-8?
6
What is the tens digit of (46*3)/(42/1708)?
1
Let q = -56 - -58. Suppose 5*t + 4438 = -4*u, -7 = -q*u - 1. What is the tens digit of (-1 - 2)/(15/t)?
7
Let h = -44 + 162. Let f = 300 + h. Suppose v - 531 = -5*g + f, 2*g - 4*v - 384 = 0. What is the units digit of g?
0
Let p be (-5 + -3 + 987)*16. Suppose 16*y + 1136 = p. What is the tens digit of y?
0
Suppose 560 - 98 = -6*f. Let b = 86 + f. Suppose 0 = -b*c + 345 + 762. What is the hundreds digit of c?
1
Let p be ((-6)/(-1) + -4)/(-1). Let z = 4 + p. What is the units digit of 65 + 7 + (-2)/z?
1
Let b(r) = -r**2 - 1. Let c(y) = -y**3 - 10*y**2 + 5. Let s(q) = -3*b(q) - c(q). Let o be s(-13). What is the tens digit of (-2 + 0)/o + 93/1?
9
What is the thousands digit of (-10)/(-60) - (1254530/(-132) - (-24)/132)?
9
Let z(l) = l**3 + 2*l**2 - l + 1520. Let a be z(0). Suppose -m = -9*m + a. Suppose m = 40*q - 35*q. What is the units digit of q?
8
Let c(p) be the third derivative of 17*p**5/20 - p**4/12 - 5*p**3/6 + 3*p**2 - 2. What is the hundreds digit of c(3)?
4
Suppose 11*i - 21 = 45. Suppose 4*p - 90 = -v - 14, -2*p = i. What is the tens digit of v?
8
Suppose 5*w - 5 = 0, -5*w + 10*w - 1110 = 5*n. Let g = 76 - 167. Let s = g - n. What is the tens digit of s?
3
Suppose 14*u - 4885 = -1523 + 8496. What is the hundreds digit of u?
8
Let z(w) = -7*w**3 - 10*w**2 + 63*w + 544. What is the units digit of z(-8)?
4
Let o = -123 + 222. Let a = 1 - o. Let b = 141 + a. What is the tens digit of b?
4
Let m = 6072 + 9930. What is the thousands digit of m?
6
Let r(l) = -2648*l - 65. What is the tens digit of r(-2)?
3
Suppose 18*w - 39*w = -35007. What is the units digit of w?
7
Let a(n) = -29*n + 56. Let q be a(-9). Let g = 271 + q. What is the units digit of g?
8
Let t = 890 - 893. What is the thousands digit of (-4 + 374/t)/(10/(-165))?
2
Let t(r) = 6*r**3 - r. Let d be t(1). Let g(k) = -19*k - 2. Let f be g(d). Let q = -7 - f. What is the tens digit of q?
9
Let u(o) = o**3 - 11*o**2 - 15*o + 297. What is the units digit of u(25)?
2
Let q be (-6)/(-15) - (-4)/(-10). Let l be -10 + 25 - (q - -2). Let c(n) = 8*n - 15. What is the tens digit of c(l)?
8
Suppose -z + 7*z - 27*z = -82740. What is the hundreds digit of z?
9
Let j(t) = -12792*t - 12. Let p be j(-1). Suppose -44*a = -29*a - p. What is the units digit of a?
2
Suppose -g + 2*x = -10633, 42*g + x = 47*g - 53183. What is the ten thousands digit of g?
1
Let h = 8046 + 4310. Suppose h + 3548 = 14*w. Suppose -5*t - 7*f + w = -6*f, t - 2*f - 225 = 0. What is the hundreds digit of t?
2
Let w(f) = 7*f**2 + 52*f - 919. What is the ten thousands digit of w(-56)?
1
Suppose 25 = -2*z - 303. Let i = -89 - z. What is the tens digit of i?
7
Suppose 3*g - 17 = -y, -y - g + 0*g + 9 = 0. Suppose 15 = 3*r, 5*x + y*r = x + 2797. Let c = x + -487. What is the units digit of c?
6
Let z(y) = 2*y**3 - 7*y**2 - 31*y**2 + 21*y + 0*y**3 - 33 - 26*y + 11*y. What is the tens digit of z(20)?
8
What is the thousands digit of (135/(-18))/((-5)/43250)?
4
Let r(t) = 519*t + 785. What is the hundreds digit of r(8)?
9
Suppose -147764 = -4*j + 4*k, -3*j + 65*k = 64*k - 110833. What is the ten thousands digit of j?
3
Suppose -10*b = 9*b - 703. Suppose 0 = -b*m + 29*m + 5416. What is the hundreds digit of m?
6
Suppose 3*s = 4*s - 4. Let k be (-3 + 39/9)*12/8. Suppose -s*h = -v + 3*v - 186, -3*h + 157 = -k*v. What is the tens digit of h?
4
Let j(b) be the second derivative of b**5/20 + 19*b**4/12 + b**3 + 31*b**2/2 - 7*b